
Let a(v) = 8*v**2 + 16*v - 7. Calculate a(-6).
185
Let h(z) = 3*z**2 - 24*z - 340. Give h(-8).
44
Let c(x) = 2*x**3 + 4*x**2 + 25. Calculate c(-8).
-743
Let z(a) = -a**3 - 10*a**2 - 29*a - 103. What is z(-9)?
77
Let j(o) = o**2 + 162*o - 4528. Calculate j(24).
-64
Let g(s) = -s**3 - 62*s**2 + 203*s + 308. What is g(-65)?
-212
Let g(s) = 4*s**3 - 147*s**2 - 23*s - 512. Give g(37).
6
Let j(m) = m**3 + 90*m**2 - m - 100. Determine j(-90).
-10
Let a(s) = -2*s**3 + 40*s**2 - 63*s - 28. Determine a(2).
-10
Let m(l) = -6*l**2 - 27*l + 54. Determine m(-7).
-51
Let m(z) = -7*z**2 + 21*z - 122. Give m(4).
-150
Let b(s) = 213*s + 1288. Determine b(-5).
223
Let z(n) = -21*n + 174. Determine z(9).
-15
Let q(l) = l**3 + 19*l**2 + 69*l + 531. What is q(-14)?
545
Let q(k) = k**3 - 6*k**2 - 25*k + 11. Calculate q(9).
29
Let t(b) = -7*b**3 + 134*b**2 - 19*b - 37. What is t(19)?
-37
Let u(l) = -l**3 + l**2 + 38*l - 19. What is u(7)?
-47
Let h(j) = j**3 + 4*j**2 + 22*j + 119. Determine h(-6).
-85
Let w(v) = -35*v + 4504. Give w(126).
94
Let l(w) = -2*w**2 + 1021*w + 6173. Calculate l(-6).
-25
Let n(g) = -251*g + 1014. Determine n(4).
10
Let a(d) = d**3 - 9*d**2 + 16*d - 18. Determine a(8).
46
Let i(u) = 215*u - 685. Determine i(3).
-40
Let u(o) = 115*o + 1832. What is u(-16)?
-8
Let n(w) = -635*w - 12631. What is n(-20)?
69
Let l(p) = 17*p - 585. Calculate l(34).
-7
Let s(l) = -22*l - 305. Calculate s(-28).
311
Let u(b) = b**2 + 127*b + 2305. Determine u(-105).
-5
Let i(f) = 32*f - 627. What is i(20)?
13
Let t(l) = -l**3 - 69*l**2 - 71*l + 49. What is t(-68)?
253
Let j(g) = g**3 - 31*g + 58. Give j(-6).
28
Let f(g) = -g**3 - 8*g**2 + 6*g + 9. Determine f(5).
-286
Let n(l) = -2*l**2 - 65*l + 1619. Determine n(18).
-199
Let k(f) = -4*f**2 + 2759*f + 2759. What is k(-1)?
-4
Let o(t) = -t**3 + 14*t**2 - 7*t. What is o(7)?
294
Let f(c) = -14*c**2 - 6*c + 2. Give f(-3).
-106
Let l(g) = -220*g - 7. Determine l(0).
-7
Let a(x) = 7*x**2 - 78*x - 16. Calculate a(11).
-27
Let o(s) = -s**2 + 958*s + 5786. Calculate o(-6).
2
Let l(i) = -i**3 - 11*i**2 - 20*i + 38. Calculate l(-12).
422
Let p(h) = 199*h - 755. What is p(4)?
41
Let n(y) = y**3 - 33*y**2 + 43*y + 600. What is n(31)?
11
Let p(g) = -g**3 - 10*g**2 + 35*g + 304. Calculate p(-5).
4
Let y(r) = 3*r**2 - r - 10. Give y(5).
60
Let p(y) = -5*y**3 + 27*y**2 + 17*y - 92. Determine p(5).
43
Let t(f) = 13*f - 302. Determine t(26).
36
Let n(q) = -116*q - 26525. What is n(-228)?
-77
Let w(g) = 2*g**2 + 14*g - 178. Calculate w(0).
-178
Let h(u) = 40*u**2 - 121*u + 21. What is h(5)?
416
Let v(u) = 3*u - 215. What is v(29)?
-128
Let j(m) = 2*m**2 + 117*m - 567. Determine j(-63).
0
Let g(x) = -17*x**2 - 76*x - 10. Determine g(-5).
-55
Let o(a) = 112*a**3 - 2*a**2 - 6*a - 5. What is o(-1)?
-113
Let x(z) = -z**3 - 11*z**2 - 13*z + 5. Determine x(-6).
-97
Let d(m) = 7*m**2 + 3*m + 2. Determine d(-2).
24
Let r(n) = -n**3 + 10*n**2 - 22*n + 419. What is r(12)?
-133
Let d(a) = 12*a - 70. Calculate d(17).
134
Let x(h) = -29*h - 152. Determine x(-5).
-7
Let w(h) = 5740*h + 212373. What is w(-37)?
-7
Let y(m) = -54682*m + 273406. Give y(5).
-4
Let x(j) = 811*j - 21896. Determine x(27).
1
Let o(g) = -2*g**2 - 179*g - 232. Give o(-88).
32
Let j(c) = 32*c**2 + 192*c - 5. Determine j(-6).
-5
Let q(m) = -579*m + 4013. Determine q(7).
-40
Let y(s) = -s**2 - 209*s - 6087. Determine y(-35).
3
Let k(u) = u**3 - 4*u**2 + 19*u - 35. What is k(2)?
-5
Let h(y) = -109*y - 1059. Calculate h(-9).
-78
Let q(p) = 25*p**2 + 6*p + 1. Calculate q(-2).
89
Let f(z) = 191*z + 2236. Give f(-12).
-56
Let y(i) = 62*i**2 - 5021*i - 65. Calculate y(81).
16
Let h(m) = -m**3 + 24*m**2 - 8*m + 198. Calculate h(24).
6
Let c(w) = -w**3 + 5*w**2 - 78*w + 410. Calculate c(5).
20
Let s(n) = n**2 + 134*n + 3635. Determine s(-36).
107
Let n(x) = 244*x + 15851. Give n(-65).
-9
Let l(v) = v**3 + 21*v**2 + 104*v - 62. Give l(-11).
4
Let b(x) = x**3 - 13*x**2 - 208*x + 46. Determine b(22).
-174
Let w(l) = -l**3 - 6*l**2 + 59*l + 242. Calculate w(-10).
52
Let q(s) = -s - 187. What is q(-41)?
-146
Let l(t) = t**3 + 10*t**2 - 2354*t - 23547. Determine l(-10).
-7
Let p(a) = 26*a**2 + 69*a - 315. What is p(-5)?
-10
Let i(u) = -610*u + 49415. Give i(81).
5
Let k(i) = -5*i**2 - 15. Calculate k(-2).
-35
Let v(l) = l**3 - 4*l**2 - 5*l - 178. Calculate v(0).
-178
Let i(s) = -s**2 + s - 28. Calculate i(-9).
-118
Let n(s) = -958*s + 8527. Give n(9).
-95
Let f(h) = -h**3 - 308*h**2 - 994*h - 24100. What is f(-305)?
-5
Let w(i) = -4*i**3 + 13*i**2 - 13*i - 16. What is w(4)?
-116
Let g(a) = 6*a**2 + 103*a - 221. Determine g(-19).
-12
Let i(y) = -282*y - 1117. What is i(-4)?
11
Let u(b) = -3*b**2 + 241*b - 316. Give u(79).
0
Let n(w) = -w**2 - 11*w + 386. What is n(-26)?
-4
Let i(f) = f**2 - 9*f - 336. Calculate i(25).
64
Let f(k) = -5661*k + 101856. Determine f(18).
-42
Let t(k) = -k**3 - 64*k**2 + 142*k + 5014. What is t(-65)?
9
Let l(r) = -5*r**2 + 104*r + 2. Calculate l(21).
-19
Let x(h) = -2*h**2 + 109*h - 777. Give x(7).
-112
Let c(a) = -87*a + 396. Calculate c(13).
-735
Let z(y) = -y**3 + 229*y**2 + 2142*y + 5. What is z(-9)?
5
Let b(p) = -876*p - 5. What is b(-1)?
871
Let c(a) = 59*a - 185. Give c(3).
-8
Let i(m) = -3*m**2 + 147*m + 332. Give i(53).
-304
Let b(r) = -7*r - 126. Determine b(-17).
-7
Let s(x) = -5*x**2 - 47*x - 267. Give s(-7).
-183
Let k(w) = 35*w - 322. Calculate k(9).
-7
Let g(v) = -113*v + 210. What is g(5)?
-355
Let n(u) = -122*u - 382. Calculate n(-6).
350
Let z(f) = f**2 + 20*f - 38. What is z(2)?
6
Let n(s) = 13*s**2 + 462*s + 272. Give n(-34).
-408
Let j(h) = 110*h - 791. Give j(7).
-21
Let j(m) = -3*m**2 + 21*m + 3. What is j(0)?
3
Let n(m) = -m**2 - 69*m + 544. Calculate n(-76).
12
Let g(t) = -37*t + 376. Give g(4).
228
Let w(t) = -t**3 - 10*t**2 + 43*t + 72. Determine w(-13).
20
Let o(w) = 3*w**2 - 78*w - 302. Determine o(29).
-41
Let r(z) = -z**3 - 33*z**2 + 70*z - 117. Determine r(-35).
-117
Let g(v) = -15*v + 242. Determine g(8).
122
Let v(k) = 5*k**3 - 161*k**2 + 41*k - 174. What is v(32)?
114
Let v(a) = -55*a - 274. Give v(-5).
1
Let s(o) = o**3 + 62*o**2 + 115*o - 253. What is s(-60)?
47
Let i(u) = -46*u - 302. Calculate i(-6).
-26
Let f(o) = -43*o - 1383. Give f(-32).
-7
Let p(k) = -k**3 + 17*k**2 + 82*k + 52. What is p(21)?
10
Let n(l) = 20*l**2 + 51*l + 3. Determine n(-1).
-28
Let g(v) = -v**3 + 13*v**2 + 2*v + 19. Give g(14).
-149
Let a(k) = k**3 + 11*k**2 + 30*k + 18. Determine a(-8).
-30
Let q(i) = 738*i - 12519. Calculate q(17).
27
Let t(v) = -17*v**2 - 48*v + 442. Determine t(8).
-1030
Let c(s) = 562*s**2 - 54*s - 56. Determine c(-1).
560
Let w(m) = m - 25. What is w(36)?
11
Let w(c) = -c**2 + 125*c - 1298. Give w(114).
-44
Let n(r) = -178*r + 30980. Give n(174).
8
Let d(l) = l**2 - 12*l - 16. Give d(0).
-16
Let r(y) = -1033*y - 58885. Calculate r(-57).
-4
Let n(b) = -b**3 + 32*b**2 + 6*b - 187. Give n(32).
5
Let m(g) = -9*g + 187. Calculate m(21).
-2
Let o(a) = 254*a + 4828. Determine o(-19).
2
Let r(d) = 9*d**2 + 3*d + 4. What is r(0)?
4
Let l(v) = -72*v - 133. Calculate l(-2).
11
Let x(y) = y**3 - 27*y**2 + 11*y - 170. Give x(27).
127
Let u(w) = 136*w + 7350. Give u(-54).
6
Let o(v) = 97*v**2 + 2546*v + 639. What is o(-26)?
15
Let m(u) = 2*u**3 + 32*u**2 + 121*u + 19. Give m(-9).
64
Let y(m) = -14*m - 208. Give y(5).
-278
Let m(f) = f**3 - 8*f + 3. Give m(3).
6
Let a(l) = 5540*l - 16625. Give a(3).
-5
Let m(t) = -4*t**2 - 2*t + 76. What is m(7)?
-134
Let v(j) = -3*j**3 + 17*j + 1. Give v(3).
-29
Let v(c) = 44*c + 40. Give v(-2).
-48
Let p(y) = -8*y**3 - 6*y**2 - 6*y + 10. Determine p(-3).
190
Let w(l) = 2*l**3 - 18*l**2 - 2*l + 8. Give w(10).
188
Let w(s) = 8*s**2 - 1112*s - 1113. Determine w(-1).
7
Let p(i) = i**3 + 21*i**2 + 70*i + 11. Determine p(-4).
3
Let w(x) = 81*x - 655. Determine w(8).
-7
Let c(t) = t**3 + 5*t**2 - 46*t + 239. What is c(-10)?
199
Let u(w) = -540*w + 2167. Calculate u(4).
7
Let m(q) = -2*q + 102. Calculate m(19).
64
Let q(k) = -4*k**2 - 702*k - 4400. What is q(-169)?
-6
Let t(b) = b**3 + 4*b**2 - 59*b + 40. What is t(-10)?
30
Let a(k) = -8*k**2 + 26*k + 47. Give a(5).
-23
Let f(k) = -126*k + 674. Give f(6).
-82
Let u(g) = -4*g**2 + 119*g - 760. Give u(12).
92
Let b(q) = -5*q**2 - 30*q - 62. Determine b(-10).
-262
Let